 of p.
3
Let u(b) = -10*b - 58. List the prime factors of u(-17).
2, 7
Suppose 0*r = -3*r. Suppose u + 4*u + 3*j = 139, -5*u - 2*j + 136 = r. What are the prime factors of u?
2, 13
Suppose 11 = -2*g - 1. Let z(f) = -6*f + 1 - f - 4 - f**2. List the prime factors of z(g).
3
Let u(n) = -7*n**3 - 2*n**2 - n - 2. List the prime factors of u(-2).
2, 3
Let r(o) = o. Let g be r(-1). List the prime factors of (7 - 2) + g - -2.
2, 3
Let d be (-1)/(-2)*(-6)/(-1). Suppose -t - 4*h - 11 = 0, -d*t - 5*h - 5 = -0*h. What are the prime factors of t?
5
Let z be (-1)/5 + 51/5. Let g = z + -4. What are the prime factors of g?
2, 3
Suppose -3*z = -4*v - z - 42, 0 = 5*z + 25. What are the prime factors of 4/(-1 - 1)*v?
2, 13
Suppose -2*y = -n + 32 + 50, 0 = -3*n + 3*y + 234. List the prime factors of n.
2, 37
Let u(m) = m**2 + 4*m - 5. Let b be u(-5). Suppose -c + 8 = -g - b*g, -4*g = -2*c + 24. What are the prime factors of c?
2
Let x(z) = -z**2 + 2 + 3 + 7 - 3. Suppose 4*n + 0*n = 0. List the prime factors of x(n).
3
Let p(o) = o + 7. Let l be p(-5). Suppose -4*g - 5*u + 44 - 11 = 0, -l*g = -3*u + 11. Suppose -j + 11 = g*t, 0*j - 24 = -5*t + j. List the prime factors of t.
5
Suppose -3*a - 7*a = -650. What are the prime factors of a?
5, 13
Let r = -33 - -55. List the prime factors of (72/14)/(r/231).
2, 3
What are the prime factors of 303/6 - (-6)/(-4)?
7
Let u = -50 + 139. What are the prime factors of u?
89
Let a = -8 + 6. Let i(k) be the third derivative of -k**6/60 - k**5/60 - k**4/12 - k**3/3 + 3*k**2. What are the prime factors of i(a)?
2, 7
Let z(s) = -s**3 - 8*s**2 - 6*s - 14. Let n be z(-10). Suppose -2*o + 8*o - n = 0. What are the prime factors of o?
41
Suppose -5*b = -557 - 563. What are the prime factors of b?
2, 7
Let v be (-30)/(-4)*(-8)/(-5). Suppose -9*i = -11*i + v. What are the prime factors of (-1)/(-2)*i*1?
3
Suppose -30 = 2*j - 7*j. Suppose -j = 2*l - 32. List the prime factors of l.
13
Let l be (1/(-1))/(5/10). Let t = 6 + l. Suppose 4 = 4*x - t. List the prime factors of x.
2
Suppose 3*a - 2*q - 5 = 0, -2*a + 0*q - q + 15 = 0. List the prime factors of (-2)/(-10) - (-44)/a.
3
Let v be 3/(-2)*(-6)/9. Let t = 3 - v. Suppose -3 = -t*n + 7. List the prime factors of n.
5
Let p(r) = 6*r**2 - 4 + r**3 + 0*r**3 + 6*r + 0*r**3 + 9. Let a be p(-5). Suppose l = -a + 15. List the prime factors of l.
3, 5
Let y(z) = 2*z - 5. Let r(w) = -w**2 + 8*w - 5. Let u be r(5). Let t be y(u). Let k = t + -8. What are the prime factors of k?
7
Let k(y) = 3*y**3 - 5*y**2 - 9*y - 9. What are the prime factors of k(5)?
2, 7
Let t(x) = 6*x**3 - 4*x**2 + 8*x - 1. List the prime factors of t(3).
149
Let p(h) = -3*h**3 - h**2 - h - 1. Let i be p(-1). Suppose 7 + i = 3*x. List the prime factors of x.
3
Let v(r) = r**3 + 12*r**2 + 9*r - 24. Let s be v(-11). Let c be ((-2)/3)/(2/24). Let w = s - c. What are the prime factors of w?
2, 3
Suppose 3*b = 2*b + 5. Suppose -5*n + 3*w = -13, 37 = b*n - 0*n + 3*w. List the prime factors of n.
5
Let d(b) = 4*b**2 + 7*b + 6. What are the prime factors of d(-5)?
71
Let y(v) = -v + 14. Let z be y(9). Suppose -5*q + 20 = 5*o, z*q - 6 = -o + 6. Let p = 0 + q. What are the prime factors of p?
2
Let k(z) = -z**3 + 10*z**2 - 9*z + 12. Let m be k(9). Suppose 3*g = -0*g + 5*c + m, 0 = 4*c. What are the prime factors of g?
2
Let h = -223 - -346. List the prime factors of h.
3, 41
Let m be (-3)/(-1)*203/21. Let a = m - 14. What are the prime factors of a?
3, 5
Suppose -f - 99 = -2*k, 3*k + 0*f - 135 = -3*f. What are the prime factors of k?
2, 3
Let x(r) = -2*r**3 - 3*r - 14. What are the prime factors of x(-3)?
7
Let o = 19 + 22. List the prime factors of o.
41
Suppose 3*a - 2*c - 19 = 0, -4*a + 2*c + 24 = 2. List the prime factors of -10*a/6*-1.
5
Let d be 3*((-7)/3 - -1). Let u = d + 14. What are the prime factors of u?
2, 5
List the prime factors of -24*-1*(-1)/(-1).
2, 3
Let r(h) = 23*h**2 - h. What are the prime factors of r(1)?
2, 11
Let n be 2/3 - (-9)/27. Suppose -7 = -2*u - n. List the prime factors of u.
3
Let b(r) = -r. Let p be b(0). Suppose h + h - 18 = p. List the prime factors of h.
3
Let x(n) = 0*n + n + 13 - 2*n + 2*n. What are the prime factors of x(11)?
2, 3
Suppose -5*f + 2*s = -8, -3*f - 2*f = 5*s - 15. Suppose f*o - 5 - 3 = 0. What are the prime factors of o?
2
Suppose -2*f - 109 = 3*u, 0 = -4*u + u + 2*f - 101. List the prime factors of (294/u)/((-3)/10).
2, 7
Let z = -14 + 17. What are the prime factors of z?
3
Let l(o) = -4*o**3 - 11*o**2 + 10. Let w(q) = 11*q**3 + 34*q**2 - 29. Let k(t) = -8*l(t) - 3*w(t). What are the prime factors of k(-14)?
7
Let v = 113 - 43. List the prime factors of v.
2, 5, 7
Let l(t) = -t + 3. Let v be l(-4). List the prime factors of v - (0 - (1 + -4)).
2
Let k = 3 - 1. Let g = 15 + k. Let z = 28 - g. List the prime factors of z.
11
Let c(p) = p**3 + 6*p**2 + 4*p - 3. Let l be c(-5). Suppose l*i = -n + 1, n + 16 = 2*n - i. List the prime factors of n.
11
What are the prime factors of (-4)/2*26/(-4)?
13
Let h = 5 - 6. List the prime factors of (-4)/(-2)*h - -13.
11
Let g(j) = j - 13. Let a be g(6). Let z(u) = u**3 + 8*u**2 + 6*u + 9. Let p be z(a). Suppose -4*n - 4*b + p = -8, 2*n - 14 = -3*b. List the prime factors of n.
2
Let y(t) = 3*t**2 + t. Let k(a) = -6*a**2 - 2*a. Let n(d) = -4*k(d) - 7*y(d). Let j be n(1). Suppose 0 = j*i + i - 40. List the prime factors of i.
2
Suppose 207 + 233 = 5*z. List the prime factors of z.
2, 11
Let o(h) = h**2 + 5*h + 3. Let w be o(-10). Let f = w - 30. What are the prime factors of f?
23
Suppose 6*t = 2*t - 28. Let y = -12 - t. List the prime factors of (12/2)/2 - y.
2
Let s be ((-8)/6)/(4/(-12)). Let l(m) = 4*m - 4. Let q be l(s). Suppose -4*w - 2*t + q = -6*t, -w - 5 = -3*t. List the prime factors of w.
7
What are the prime factors of 63/(1*2 - (-6)/(-6))?
3, 7
Suppose -4*q + 213 = -267. What are the prime factors of q?
2, 3, 5
Suppose 3*x - 4*v - 8 = 0, 3*v + 4 = 2*x + v. What are the prime factors of (-1 + x)*(8 - 56)?
2, 3
Let y(x) = 76*x**3 + x - 1. Let s be y(1). Let f be s/18 + 8/(-36). Suppose -b - f*b + 65 = 0. What are the prime factors of b?
13
Suppose -2*d - 5 = -63. Suppose d = 2*q + 1. What are the prime factors of q?
2, 7
List the prime factors of 32/(3*4/24).
2
Suppose -b = 4*b + 990. What are the prime factors of b/(-24) + (-2)/8?
2
Let m = 3 - -3. List the prime factors of -34*(2 - 15/m).
17
Let m(q) = q**3 + 6*q**2 + q + 4. Let k be (-2)/(-1 - 4/(-3)). Let c be m(k). Let b = 11 + c. List the prime factors of b.
3
Suppose 6*v - 2*v - 36 = 0. List the prime factors of v.
3
What are the prime factors of 4/(1/(-2)*-4)?
2
Suppose 5*s - 12 + 3 = v, s = -3*v + 21. What are the prime factors of ((-8)/v)/((-1)/9)?
2, 3
Suppose -3*n + 16 = n. Let s = n + -4. Suppose -4*d + 0*d + 48 = s. List the prime factors of d.
2, 3
Let x = 13 + -7. Suppose w = -x*o + o - 31, o - 1 = w. Let s(g) = -g + 4. What are the prime factors of s(w)?
2, 5
Suppose -2 = -v + 3. Suppose 5*d + 1 = -5*h + d, -20 = v*d. Suppose -2*o - 2*a - 28 = -6*o, -5*o + 36 = -h*a. List the prime factors of o.
2, 3
Suppose -388 = -5*f + 127. What are the prime factors of f?
103
Let w(c) = -c**3 - 6*c**2 + 5*c - 4. Let s = -4 - 3. What are the prime factors of w(s)?
2, 5
Suppose 2 = -5*l + 17, 0 = 3*d + l - 15. Suppose -2*x + 7*x + d*i - 87 = 0, 5*i + 29 = x. What are the prime factors of x?
19
Suppose 2*t + 1 + 21 = 4*w, -3 = 4*w + 3*t. Suppose 2*m - 53 = 3*m - w*i, 0 = -m + 4*i - 52. What are the prime factors of (-4)/(-6) - m/6?
2, 5
What are the prime factors of ((-96)/(-3))/(-2 - -4)?
2
Let r(h) = -h**3 + 10*h**2 - 12*h. Let f be r(8). Suppose 2*n = f - 12. What are the prime factors of (-7)/(-14)*n*4?
2, 5
Suppose 0 = 4*s + 5*k - 2, 0 = -3*s + 2*s + 5*k + 13. Let o(q) = 0*q + q - q**2 + s*q**2. What are the prime factors of o(-2)?
2, 3
Let i(r) = -2*r**3 - 6*r**2 - 6*r + 5. Let u(k) = -5*k**3 - 12*k**2 - 13*k + 10. Let c(t) = -7*i(t) + 3*u(t). List the prime factors of c(6).
13
Let t = 13 - 5. Let o = 7 + t. List the prime factors of o.
3, 5
Let r(j) = -j**2 - 9*j + 14. Let z be r(-10). What are the prime factors of 10 - -33 - z*-1?
47
List the prime factors of (-19 - (2 - 1))/((-3)/6).
2, 5
Suppose 0 = -5*i + 3*l + 1737, l - 344 = -i + 5*l. What are the prime factors of i?
2, 